-2 + (3 - 7 - -1).
-5
What is the value of -8 - (9 + -7 + -3)?
-7
What is the value of 11 + (-7 - -3) + -2?
5
What is -8 + -11 + 28 + -8?
1
Evaluate (-2 - 0) + -3 - -4.
-1
What is -2 - (2 - 5 - (1 + 2))?
4
Calculate (46 - 50) + (2 + -1 - 1).
-4
-1 + 0 - (-5 - -3)
1
What is the value of (-3 + 6 - 8) + 1?
-4
Evaluate 14 + -25 + 3 + 11.
3
What is the value of 7 + (3 - 3) - 2?
5
What is (7 - (0 + 7 - 3)) + -1?
2
Calculate (-5 - -5) + (4 - 18) + 6.
-8
What is the value of 4 + -4 + 7 + -8?
-1
What is 22 - 24 - (-2 + 2)?
-2
Calculate (0 - -1) + 0 + 0.
1
Evaluate 23 + -21 - (3 - 4).
3
What is (21 - 12) + (5 - 15)?
-1
(0 - 2) + 7 - (-2 + 5)
2
What is the value of -3 + 2 + 0 + 197 + -203?
-7
Calculate -18 - -13 - (1 - 7).
1
What is the value of -1 + 2 + -3 + -3 + 15?
10
3 - ((-1 - (6 + -11)) + -4)
3
Calculate (25 - 25) + 0 + -1 + 0.
-1
Calculate (-8 - (-2 + -9)) + -5.
-2
(1 - -1) + -2 + -25 + 20
-5
Calculate -4 + 5 + (-11 - -9).
-1
Calculate -1 + 13 - 6 - -1 - 11.
-4
(0 - (3 - 3)) + -3
-3
0 + -2 - (2 - 6)
2
-11 + (15 - (4 - -2))
-2
-6 - (2 + (6 - 5) - 14)
5
What is the value of (-6 - -8) + 14 - 8?
8
(1 - 1) + (16 - 5 - 12)
-1
Calculate 7 + (-22 - -7) - -2 - -8.
2
Calculate 6 + (-7 - (-3 - -1) - -2).
3
Evaluate 19 + 1 - (18 - 8).
10
What is the value of -3 + 7 + -3 + -6?
-5
Evaluate 1 + (-8 - -20) - 6.
7
3 - (9 + 1 + -2 + -3)
-2
Evaluate 3 - (-8 + 6 + 10).
-5
Calculate -5 + (-6 - -15) - 7.
-3
Calculate -1 + (5 - 8) + -1 + 5.
0
What is the value of -8 - -3 - 2 - -2?
-5
Evaluate -2 - ((2 - -10) + -7).
-7
Evaluate -2 + (4 - 2 - (1 + -2)).
1
What is the value of -2 + (-5 - 2 - -4) + 5?
0
(3 - 2) + -5 - 1
-5
What is the value of 1 - -6 - (-1 - -10)?
-2
What is -3 - ((-2 - 11) + 8)?
2
What is the value of 9 + -2 - (-4 - -10 - 4)?
5
Calculate -1 - -2 - (24 + -24).
1
What is the value of (8 - 0) + -12 + (-4 - -12)?
4
Evaluate -4 - (-1 + 2) - (-6 - 0).
1
Calculate 3 - -1 - (-1 - (-2 + -2)).
1
Evaluate -4 - (5 - 6 - -2).
-5
Calculate -5 + 11 + -5 - (1 + -4).
4
What is the value of 10 - (2 + 3) - (-1 - -1)?
5
Evaluate 3 + 2 + -6 - (-3 + 6).
-4
Evaluate 0 + (0 - (1 + 3)).
-4
Calculate 1 + (-1 - 0 - -4) - -1.
5
4 + -2 + -3 + (3 - -1)
3
Calculate -13 - (-16 + 1 + 6).
-4
Evaluate -1 - (0 - 2) - (-2 - -5).
-2
Calculate 11 + 10 + -10 + -1.
10
What is 4 + -4 + 3 + -5?
-2
What is the value of -1 + 19 - (-22 - -31)?
9
What is the value of -12 + 7 - (1 + -4 + 4)?
-6
Evaluate 4 - 0 - (103 + -101).
2
3 + (1 - 2) + -12 + 9
-1
What is the value of -3 - -2 - -1 - (0 + 0)?
0
39 + -42 - (0 - 8)
5
Calculate 0 + 5 + -2 + -2 + -4.
-3
14 + -4 - (32 - 24)
2
4 + -8 + 2 + -6 + 13
5
What is 4 + 0 - 5 - -4?
3
Evaluate (0 - (-8 + 4 - 0)) + -1.
3
-3 + -5 + 3 + 0
-5
Calculate -3 - (-4 + 2 - (-22 - -22)).
-1
1 - (7 + -3) - 0 - -2
-1
What is the value of -2 - ((0 - -1) + 0 - 3)?
0
Evaluate -76 + 70 + 1 + -2.
-7
Calculate -4 - -2 - -7 - 2.
3
What is the value of -2 + -1 + 7 - (4 + -1)?
1
What is the value of -2 + -6 + 3 + (-4 - -6)?
-3
Evaluate (-11 - -8) + (9 - 3 - 4).
-1
What is the value of 2 + -6 + -3 + 5?
-2
(3 - (-3 + (0 - 0))) + -2
4
Calculate -5 + -2 + 4 - (19 - 23).
1
What is 10 - (7 + (2 - -7))?
-6
Calculate (4 - (0 + 13 + -6)) + 13.
10
What is the value of 2 + -3 + (4 - 10 - -8)?
1
(-3 - 3) + 6 - (5 - 0)
-5
What is 1 - -5 - 2 - 7?
-3
Calculate 1 + (-2 - (8 - 13)).
4
What is -8 - (-5 - (-2 + 2))?
-3
Calculate (-4 - (-7 - 3)) + 1 + -7.
0
What is the value of 4 + -12 - (-13 - -2)?
3
Calculate (-5 - 0 - -4) + 2.
1
Evaluate 8 + -11 + 8 + 2.
7
Evaluate -9 + -2 + 29 + -10.
8
What is (-1 - 0) + (-7 - (-3 + -1))?
-4
Calculate -75 + 67 - (0 + -15).
7
Calculate -6 - (-20 + (2 - -8)).
4
What is the value of 5 + (2 - (7 + (-11 - -6)))?
5
Evaluate 1 + -13 + 45 + -40.
-7
What is the value of 4 - (-1 + (6 - 4) + 2)?
1
What is the value of 1 + -9 + (51 - 39)?
4
What is (0 - -1) + (-2 - (-1 - -5))?
-5
-1 - 0 - 5 - (-5 - -2)
-3
Calculate 1 + (-6 - -8) + -3.
0
What is -2 - (3 + 4) - -10?
1
What is the value of 1 + -5 + (7 - 7)?
-4
What is 6 + (-27 - -7 - -9)?
-5
Calculate -3 - -9 - (12 - 7).
1
3 - (3 - (1 + 1))
2
Calculate 1 + (-2 + (-3 - -8) - -1).
5
What is (-7 - -1) + 0 + 3 + 1?
-2
What is 10 + -5 + 1 + -1?
5
What is the value of -18 - -5 - -5 - (3 - 1)?
-10
0 - ((3 - 2) + (-1 - -6))
-6
What is the value of -10 + 3 - ((-6 - 1) + 2)?
-2
Calculate 2 + -4 + 8 + -5.
1
What is the value of 2 + (23 - 27 - (-3 + 1))?
0
What is -8 + 14 + 3 + 0?
9
What is (-13 - -11 - -12) + -9?
1
What is (-54 - -56) + 0 + -1?
1
34 + -19 - (11 - 1)
5
What is the value of (-12 - -5) + 9 - (1 - 0)?
1
What is -2 + 0 + -8 + 5 + 1?
-4
What is the value of 1 + -2 + 1 + -4?
-4
What is -1 + 3 - ((-4 - 2) + 12)?
-4
What is -1 + -4 - (4 + -14)?
5
What is the value of -5 - ((0 - 6) + 1)?
0
5 - (7 + 3 - 2)
-3
Calculate (-1 - 1) + (6 - (16 + -17)).
5
What is 0 + (-2 - (-3 + 1)) + -2?
-2
What is (-1 - 2) + 3 - (-15 - -22)?
-7
Evaluate -6 + (-6 - -9) - -4.
1
What is 1 + 1 + (1 - 5)?
-2
What is the value of (1 - 4) + 0 + -2?
-5
What is the value of 4 - 3 - 3 - (6 + -5)?
-3
Evaluate (1 - -1) + 13 + -11.
4
Evaluate (2 - (4 + -6)) + -2 + 1.
3
Calculate 7 + (-10 - -5) + -3.
-1
Calculate 21 - 25 - (-2 - -6).
-8
-5 + 9 + (-1 - 1)
2
Calculate (2 - 0) + (45 - 40).
7
Evaluate -21 + 8 + 13 + -9.
-9
What is 1 - (-2 - (-3 - 0) - 2)?
2
Calculate -2 + 1 - (-5 + 4 - -2).
-2
6 + 0 + -7 + 2
1
(6 - 0) + -6 + 1
1
What is (-2 - (-7 + 4 - -1)) + -1?
-1
What is the value of (1 - (0 + -8)) + -4?
5
What is (17 - 26) + (0 - -2)?
-7
What is 1 + (1 + 3 - 7) - -2?
0
Calculate 0 + -13 - (-14 + 6).
-5
-9 + (19 - 7) - (0 + -1)
4
What is 3 + (3 + -6 - (-2 - 0))?
2
-5 - -5 - (-4 - -3 - -5)
-4
What is -5 + 6 + 1 + -1 - 1?
0
Calculate 2 - (-10 - (-10 + -11)).
-9
Calculate 2 - ((-5 - -3) + 9) - -2.
-3
Evaluate 0 + (-5 + -1 - -1).
-5
What is the value of -8 - -10 - (-2 - -5)?
-1
What is (8 - (11 - 7)) + 1?
5
What is 1 + 0 - (-2 - 10 - -19)?
-6
What is -6 - (-1 + 4 + -5)?
-4
What is the value of -4 + 7 + (-3 - 1) - -2?
1
What is (6 - (16 - 0)) + -1 + 3?
-8
What is 6 - ((0 + -2 - -2) + 1)?
5
What is the value of 2 + -3 + -2 + 4 + -1?
0
What is the value of (-4 + -9 - (-4 + -2)) + 5?
-2
2 + (1 - (2 - 1))
2
-2 + 1 - (8 - (1 - -3))
-5
What is 6 + 0 + (5 - (-3 + 8))?
6
What is 4 + (-1 - 0) + -4 + -1?
-2
Evaluate -20 + 15 + (-2 - -12) - 7.
-2
Evaluate -175 - -172 - (2 - 0).
-5
What is (12 - 3) + (5 - 3 - 6)?
5
2 + -2 + 2 + -3 + 6
5
Calculate -2 + 5 + 0 + 0.
3
What is the value of (-3 - (-9 + 7)) + (8 - 2)?
5
Evaluate 39 + -29 + (-10 - 0).
0
Evaluate 0 + (5 + -4 - 2).
-1
Evaluate -1 - (-9 - (11 + -20)).
-1
-3 - -7 - (-2 + 2)
4
Evaluate 11 + (-3 + 5 - (-2 + 8)).
7
(-7 - -8 - -1) + (2 - 3)
1
What is 13 + -3 - (8 - 3)?
5
Calculate (11 + 4 + -8 - 3) + -1.
3
Evaluate -4 + (2 - 2 - 1).
-5
What is the value of (0 - 4 - -9) + 2?
7
Calculate -7 + -2 + (6 - (2 - 1)).
-4
What is the value of -2 + (13 - 19 - (-1 - 2))?
-5
6 + (5 - (12 - 6) - 6)
-1
-2 + (1 - 0) - (-106 - -110)
-5
Calculate -1 + (-10 - 1) - -2.
-10
What is the value of 14 + (-13 - (-13 - -14))?
0
Evaluate 6 + -4 + 1 - 7.
-4
What is 5 + (2 - -4 - 2)?
9
-2 - (-3 + 0) - (-5 + 3)
3
What is the value of 6 + -10 + -7 + 4?
-7
What is -1 - 0 - (16 - 13)?
-4
Calculate (2 - 1) + 1 + -1.
1
What is the value of -4 - 6 - (-10 - -1)?
-1
1 + 1 + (6 - 5)
3
Evaluate 0 + (3 - -1 - 3).
1
What is 1 - (-5 + 6 + -1)?
1
5 - -3 - (0 - 3 - -6)
5
What is the value of (4 - 4) + -20 + 15?
-5
Calculate -9 + (3 - (-9 + 6)).
-3
Calculate (5 - 3) + -3 + 3.
2
0 + (3 - 6) + 1 + -1
-3
(-4 - 1) + 4 + -4
-5
-1 + (5 - -3) + (-9 - 5)
-7
What is 6 - (2 + -1 - (0 + -5))?
0
What is (7 - 11) + (0 - -8)?
4
What is the value of -4 + (-3 - -6) + (0 - 1)?
-2
What is the value of (1 - 3) + (-1 - -3)?
0
Evaluate -2 - (4 - (-6 - -7)).
-5
What is the value of (-6 - -14) + (-8 - 2) - -10?
8
Calculate (-2 - -4) + (-5 + -4 - -5).
-2
Evaluate 3 + 3 + -5 + -5.
-4
Calculate (-32 - -43) + 0 + -6.
5
Evaluate 53 + -59 + 1 + 0 - -5.
0
(-15 - -16) + 16 + -13
4
-1 - (1 + -1) - (425 + -435)
9
(-2 + 10 - 5) + (4 - 5)
2
Calculate 2 + 3 + 2 + (-6 - -3).
4
What is 14 + (5 - 8 - 5) + 0?
6
Calculate 4 + -1 + 5 + (-7 - -2).
3
Calculate -2 - (-1 - 1) - 4 - -6.
2
-21 - -11 - (-7 - 3)
0
What is (-4 - (5 + (-1 - 7))) + -5?
-6
5 - (-6 - (-4 + -4))
3
Calculate 14 - 14 - (-2 + -1).
3
Calculate 9 + 1 + (-91